{"id":605,"date":"2012-11-15T11:10:29","date_gmt":"2012-11-15T11:10:29","guid":{"rendered":"http:\/\/sargantana.info\/web\/?page_id=605"},"modified":"2024-11-26T21:32:44","modified_gmt":"2024-11-26T19:32:44","slug":"el-romanico-y-el-camino-de-santiago","status":"publish","type":"page","link":"https:\/\/sargantana.info\/web\/programas-escolares\/el-romanico-y-el-camino-de-santiago\/","title":{"rendered":"El Rom\u00e1nico y el Camino de Santiago"},"content":{"rendered":"\t\t<div data-elementor-type=\"wp-page\" data-elementor-id=\"605\" class=\"elementor elementor-605\" data-elementor-post-type=\"page\">\n\t\t\t\t<div class=\"elementor-element elementor-element-89766f1 e-flex e-con-boxed e-con e-parent\" data-id=\"89766f1\" data-element_type=\"container\" data-e-type=\"container\">\n\t\t\t\t\t<div class=\"e-con-inner\">\n\t\t\t\t<div class=\"elementor-element elementor-element-81c0422 elementor-widget elementor-widget-heading\" data-id=\"81c0422\" data-element_type=\"widget\" data-e-type=\"widget\" data-widget_type=\"heading.default\">\n\t\t\t\t<div class=\"elementor-widget-container\">\n\t\t\t\t\t<h1 class=\"elementor-heading-title elementor-size-default\">El Rom\u00e1nico y el Camino de Santiago<\/h1>\t\t\t\t<\/div>\n\t\t\t\t<\/div>\n\t\t\t\t<div class=\"elementor-element elementor-element-c8eaa18 elementor-widget-divider--view-line elementor-widget elementor-widget-divider\" data-id=\"c8eaa18\" data-element_type=\"widget\" data-e-type=\"widget\" data-widget_type=\"divider.default\">\n\t\t\t\t<div class=\"elementor-widget-container\">\n\t\t\t\t\t\t\t<div class=\"elementor-divider\">\n\t\t\t<span class=\"elementor-divider-separator\">\n\t\t\t\t\t\t<\/span>\n\t\t<\/div>\n\t\t\t\t\t\t<\/div>\n\t\t\t\t<\/div>\n\t\t\t\t\t<\/div>\n\t\t\t\t<\/div>\n\t\t<div class=\"elementor-element elementor-element-52baf21e e-flex e-con-boxed e-con e-parent\" data-id=\"52baf21e\" data-element_type=\"container\" data-e-type=\"container\">\n\t\t\t\t\t<div class=\"e-con-inner\">\n\t\t\t\t<div class=\"elementor-element elementor-element-6c29dd99 elementor-widget elementor-widget-text-editor\" data-id=\"6c29dd99\" data-element_type=\"widget\" data-e-type=\"widget\" data-widget_type=\"text-editor.default\">\n\t\t\t\t<div class=\"elementor-widget-container\">\n\t\t\t\t\t\t\t\t\t<div>El Camino de Santiago supuso desde sus or\u00edgenes una ruta cultural inmensamente influyente en todos los territorios por los que transita. Su paso por el puerto de Somport (Puerta grande) a Arag\u00f3n ha sembrado de arte y de historia todo su recorrido, y en particular el que a nosotros nos afecta, el Camino Aragon\u00e9s. Conocer un poco el camino fij\u00e1ndonos en una de sus expresiones m\u00e1s relacionadas. el Rom\u00e1nico y concretamente el Rom\u00e1nico Jaqu\u00e9s.<\/div><div>Desde la misma frontera en que aparece ya el Hospital de Santa cristina de Somport hoy en ruinas hasta el impresionante monasterio de San Juan de la Pe\u00f1a. O las convergencias de otras entradas del Camino y sus propias expresiones de este magn\u00edfico arte, como es la Iglesia de Siresa. Impresionantes vestigios de otra \u00e9poca todav\u00eda dignos de una inevitable admiraci\u00f3n.<\/div><div><a href=\"https:\/\/sargantana.info\/web\/wp-content\/uploads\/2012\/11\/Romanico1.jpg\"><img fetchpriority=\"high\" decoding=\"async\" class=\"aligncenter wp-image-707 size-full\" title=\"Romanico1\" src=\"https:\/\/sargantana.info\/web\/wp-content\/uploads\/2012\/11\/Romanico1.jpg\" alt=\"\" width=\"448\" height=\"336\" srcset=\"https:\/\/sargantana.info\/web\/wp-content\/uploads\/2012\/11\/Romanico1.jpg 448w, https:\/\/sargantana.info\/web\/wp-content\/uploads\/2012\/11\/Romanico1-300x224.jpg 300w, https:\/\/sargantana.info\/web\/wp-content\/uploads\/2012\/11\/Romanico1-400x300.jpg 400w\" sizes=\"(max-width: 448px) 100vw, 448px\" \/><\/a><\/div><div><ul><li>Catedral de Jaca. S. XI<\/li><li>Ermita de Sarsa.<\/li><li>Monasterio de las Benedictinas:Sarc\u00f3fago de Do\u00f1a Sancha<\/li><li>Ciudadela<\/li><li>Monasterio de San Juan de la Pe\u00f1a.<\/li><li>Santa Cruz de la Ser\u00f3s.<\/li><li>Los Valles<\/li><li>Iglesia de Siresa.\/ Centro de Interpretaci\u00f3n del Megalitismo de Hecho.<\/li><li>Castiello: Ermita de Igu\u00e1cel.<\/li><li>Borau: San Adri\u00e1n de Sasabe<\/li><\/ul><p><a href=\"https:\/\/sargantana.info\/web\/wp-content\/uploads\/2012\/11\/ac.jpg\"><img decoding=\"async\" class=\"aligncenter wp-image-706 size-full\" title=\"ac\" src=\"https:\/\/sargantana.info\/web\/wp-content\/uploads\/2012\/11\/ac.jpg\" alt=\"\" width=\"449\" height=\"336\" srcset=\"https:\/\/sargantana.info\/web\/wp-content\/uploads\/2012\/11\/ac.jpg 449w, https:\/\/sargantana.info\/web\/wp-content\/uploads\/2012\/11\/ac-300x224.jpg 300w, https:\/\/sargantana.info\/web\/wp-content\/uploads\/2012\/11\/ac-400x300.jpg 400w\" sizes=\"(max-width: 449px) 100vw, 449px\" \/><\/a><\/p><\/div><p style=\"text-align: center;\"><span style=\"text-decoration: underline;\"><strong><a href=\"https:\/\/forms.office.com\/e\/YA6Dr0q9hE\">Solic\u00edtanos presupuesto personalizado<\/a><\/strong><\/span><\/p>\t\t\t\t\t\t\t\t<\/div>\n\t\t\t\t<\/div>\n\t\t\t\t\t<\/div>\n\t\t\t\t<\/div>\n\t\t\t\t<\/div>\n\t\t","protected":false},"excerpt":{"rendered":"<p>El Rom\u00e1nico y el Camino de Santiago El Camino de Santiago supuso desde sus or\u00edgenes una ruta cultural inmensamente influyente en todos los territorios por los que transita. Su paso por el puerto de Somport (Puerta grande) a Arag\u00f3n ha sembrado de arte y de historia todo su recorrido, y en particular el que a [&hellip;]<\/p>\n","protected":false},"author":1,"featured_media":0,"parent":2171,"menu_order":8,"comment_status":"closed","ping_status":"closed","template":"","meta":{"inline_featured_image":false,"_joinchat":[],"footnotes":""},"class_list":["post-605","page","type-page","status-publish","hentry"],"yoast_head":"<!-- This site is optimized with the Yoast SEO plugin v27.4 - https:\/\/yoast.com\/product\/yoast-seo-wordpress\/ -->\n<title>El Rom\u00e1nico y el Camino de Santiago - Sargantana<\/title>\n<meta name=\"description\" content=\"Explora el arte rom\u00e1nico y la historia del Camino de Santiago en el Pirineo Aragon\u00e9s con actividades educativas.\" \/>\n<meta name=\"robots\" content=\"index, follow, max-snippet:-1, max-image-preview:large, max-video-preview:-1\" \/>\n<link rel=\"canonical\" href=\"https:\/\/sargantana.info\/web\/programas-escolares\/el-romanico-y-el-camino-de-santiago\/\" \/>\n<meta property=\"og:locale\" content=\"es_ES\" \/>\n<meta property=\"og:type\" content=\"article\" \/>\n<meta property=\"og:title\" content=\"El Rom\u00e1nico y el Camino de Santiago - Sargantana\" \/>\n<meta property=\"og:description\" content=\"Explora el arte rom\u00e1nico y la historia del Camino de Santiago en el Pirineo Aragon\u00e9s con actividades educativas.\" \/>\n<meta property=\"og:url\" content=\"https:\/\/sargantana.info\/web\/programas-escolares\/el-romanico-y-el-camino-de-santiago\/\" \/>\n<meta property=\"og:site_name\" content=\"Sargantana\" \/>\n<meta property=\"article:publisher\" content=\"https:\/\/www.facebook.com\/Sargantana.info\" \/>\n<meta property=\"article:modified_time\" content=\"2024-11-26T19:32:44+00:00\" \/>\n<meta property=\"og:image\" content=\"https:\/\/sargantana.info\/web\/wp-content\/uploads\/2012\/11\/Romanico1.jpg\" \/>\n\t<meta property=\"og:image:width\" content=\"448\" \/>\n\t<meta property=\"og:image:height\" content=\"336\" \/>\n\t<meta property=\"og:image:type\" content=\"image\/jpeg\" \/>\n<meta name=\"twitter:card\" content=\"summary_large_image\" \/>\n<meta name=\"twitter:site\" content=\"@Sargantana_\" \/>\n<meta name=\"twitter:label1\" content=\"Tiempo de lectura\" \/>\n\t<meta name=\"twitter:data1\" content=\"2 minutos\" \/>\n<script type=\"application\/ld+json\" class=\"yoast-schema-graph\">{\"@context\":\"https:\\\/\\\/schema.org\",\"@graph\":[{\"@type\":\"WebPage\",\"@id\":\"https:\\\/\\\/sargantana.info\\\/web\\\/programas-escolares\\\/el-romanico-y-el-camino-de-santiago\\\/\",\"url\":\"https:\\\/\\\/sargantana.info\\\/web\\\/programas-escolares\\\/el-romanico-y-el-camino-de-santiago\\\/\",\"name\":\"El Rom\u00e1nico y el Camino de Santiago - Sargantana\",\"isPartOf\":{\"@id\":\"https:\\\/\\\/sargantana.info\\\/web\\\/#website\"},\"primaryImageOfPage\":{\"@id\":\"https:\\\/\\\/sargantana.info\\\/web\\\/programas-escolares\\\/el-romanico-y-el-camino-de-santiago\\\/#primaryimage\"},\"image\":{\"@id\":\"https:\\\/\\\/sargantana.info\\\/web\\\/programas-escolares\\\/el-romanico-y-el-camino-de-santiago\\\/#primaryimage\"},\"thumbnailUrl\":\"https:\\\/\\\/sargantana.info\\\/web\\\/wp-content\\\/uploads\\\/2012\\\/11\\\/Romanico1.jpg\",\"datePublished\":\"2012-11-15T11:10:29+00:00\",\"dateModified\":\"2024-11-26T19:32:44+00:00\",\"description\":\"Explora el arte rom\u00e1nico y la historia del Camino de Santiago en el Pirineo Aragon\u00e9s con actividades educativas.\",\"breadcrumb\":{\"@id\":\"https:\\\/\\\/sargantana.info\\\/web\\\/programas-escolares\\\/el-romanico-y-el-camino-de-santiago\\\/#breadcrumb\"},\"inLanguage\":\"es\",\"potentialAction\":[{\"@type\":\"ReadAction\",\"target\":[\"https:\\\/\\\/sargantana.info\\\/web\\\/programas-escolares\\\/el-romanico-y-el-camino-de-santiago\\\/\"]}]},{\"@type\":\"ImageObject\",\"inLanguage\":\"es\",\"@id\":\"https:\\\/\\\/sargantana.info\\\/web\\\/programas-escolares\\\/el-romanico-y-el-camino-de-santiago\\\/#primaryimage\",\"url\":\"https:\\\/\\\/sargantana.info\\\/web\\\/wp-content\\\/uploads\\\/2012\\\/11\\\/Romanico1.jpg\",\"contentUrl\":\"https:\\\/\\\/sargantana.info\\\/web\\\/wp-content\\\/uploads\\\/2012\\\/11\\\/Romanico1.jpg\"},{\"@type\":\"BreadcrumbList\",\"@id\":\"https:\\\/\\\/sargantana.info\\\/web\\\/programas-escolares\\\/el-romanico-y-el-camino-de-santiago\\\/#breadcrumb\",\"itemListElement\":[{\"@type\":\"ListItem\",\"position\":1,\"name\":\"Portada\",\"item\":\"https:\\\/\\\/sargantana.info\\\/web\\\/\"},{\"@type\":\"ListItem\",\"position\":2,\"name\":\"Programas escolares\",\"item\":\"https:\\\/\\\/sargantana.info\\\/web\\\/programas-escolares\\\/\"},{\"@type\":\"ListItem\",\"position\":3,\"name\":\"El Rom\u00e1nico y el Camino de Santiago\"}]},{\"@type\":\"WebSite\",\"@id\":\"https:\\\/\\\/sargantana.info\\\/web\\\/#website\",\"url\":\"https:\\\/\\\/sargantana.info\\\/web\\\/\",\"name\":\"Sargantana\",\"description\":\"Educaci\u00f3n ambiental y tiempo libre en el Pirineo Aragon\u00e9s\",\"publisher\":{\"@id\":\"https:\\\/\\\/sargantana.info\\\/web\\\/#organization\"},\"potentialAction\":[{\"@type\":\"SearchAction\",\"target\":{\"@type\":\"EntryPoint\",\"urlTemplate\":\"https:\\\/\\\/sargantana.info\\\/web\\\/?s={search_term_string}\"},\"query-input\":{\"@type\":\"PropertyValueSpecification\",\"valueRequired\":true,\"valueName\":\"search_term_string\"}}],\"inLanguage\":\"es\"},{\"@type\":\"Organization\",\"@id\":\"https:\\\/\\\/sargantana.info\\\/web\\\/#organization\",\"name\":\"Sargantana\",\"url\":\"https:\\\/\\\/sargantana.info\\\/web\\\/\",\"logo\":{\"@type\":\"ImageObject\",\"inLanguage\":\"es\",\"@id\":\"https:\\\/\\\/sargantana.info\\\/web\\\/#\\\/schema\\\/logo\\\/image\\\/\",\"url\":\"https:\\\/\\\/sargantana.info\\\/web\\\/wp-content\\\/uploads\\\/2023\\\/02\\\/Sargantana-transparente-e1676147721574.png\",\"contentUrl\":\"https:\\\/\\\/sargantana.info\\\/web\\\/wp-content\\\/uploads\\\/2023\\\/02\\\/Sargantana-transparente-e1676147721574.png\",\"width\":365,\"height\":211,\"caption\":\"Sargantana\"},\"image\":{\"@id\":\"https:\\\/\\\/sargantana.info\\\/web\\\/#\\\/schema\\\/logo\\\/image\\\/\"},\"sameAs\":[\"https:\\\/\\\/www.facebook.com\\\/Sargantana.info\",\"https:\\\/\\\/x.com\\\/Sargantana_\",\"https:\\\/\\\/www.instagram.com\\\/sargantana_canfranc\\\/\"]}]}<\/script>\n<!-- \/ Yoast SEO plugin. -->","yoast_head_json":{"title":"El Rom\u00e1nico y el Camino de Santiago - Sargantana","description":"Explora el arte rom\u00e1nico y la historia del Camino de Santiago en el Pirineo Aragon\u00e9s con actividades educativas.","robots":{"index":"index","follow":"follow","max-snippet":"max-snippet:-1","max-image-preview":"max-image-preview:large","max-video-preview":"max-video-preview:-1"},"canonical":"https:\/\/sargantana.info\/web\/programas-escolares\/el-romanico-y-el-camino-de-santiago\/","og_locale":"es_ES","og_type":"article","og_title":"El Rom\u00e1nico y el Camino de Santiago - Sargantana","og_description":"Explora el arte rom\u00e1nico y la historia del Camino de Santiago en el Pirineo Aragon\u00e9s con actividades educativas.","og_url":"https:\/\/sargantana.info\/web\/programas-escolares\/el-romanico-y-el-camino-de-santiago\/","og_site_name":"Sargantana","article_publisher":"https:\/\/www.facebook.com\/Sargantana.info","article_modified_time":"2024-11-26T19:32:44+00:00","og_image":[{"width":448,"height":336,"url":"https:\/\/sargantana.info\/web\/wp-content\/uploads\/2012\/11\/Romanico1.jpg","type":"image\/jpeg"}],"twitter_card":"summary_large_image","twitter_site":"@Sargantana_","twitter_misc":{"Tiempo de lectura":"2 minutos"},"schema":{"@context":"https:\/\/schema.org","@graph":[{"@type":"WebPage","@id":"https:\/\/sargantana.info\/web\/programas-escolares\/el-romanico-y-el-camino-de-santiago\/","url":"https:\/\/sargantana.info\/web\/programas-escolares\/el-romanico-y-el-camino-de-santiago\/","name":"El Rom\u00e1nico y el Camino de Santiago - Sargantana","isPartOf":{"@id":"https:\/\/sargantana.info\/web\/#website"},"primaryImageOfPage":{"@id":"https:\/\/sargantana.info\/web\/programas-escolares\/el-romanico-y-el-camino-de-santiago\/#primaryimage"},"image":{"@id":"https:\/\/sargantana.info\/web\/programas-escolares\/el-romanico-y-el-camino-de-santiago\/#primaryimage"},"thumbnailUrl":"https:\/\/sargantana.info\/web\/wp-content\/uploads\/2012\/11\/Romanico1.jpg","datePublished":"2012-11-15T11:10:29+00:00","dateModified":"2024-11-26T19:32:44+00:00","description":"Explora el arte rom\u00e1nico y la historia del Camino de Santiago en el Pirineo Aragon\u00e9s con actividades educativas.","breadcrumb":{"@id":"https:\/\/sargantana.info\/web\/programas-escolares\/el-romanico-y-el-camino-de-santiago\/#breadcrumb"},"inLanguage":"es","potentialAction":[{"@type":"ReadAction","target":["https:\/\/sargantana.info\/web\/programas-escolares\/el-romanico-y-el-camino-de-santiago\/"]}]},{"@type":"ImageObject","inLanguage":"es","@id":"https:\/\/sargantana.info\/web\/programas-escolares\/el-romanico-y-el-camino-de-santiago\/#primaryimage","url":"https:\/\/sargantana.info\/web\/wp-content\/uploads\/2012\/11\/Romanico1.jpg","contentUrl":"https:\/\/sargantana.info\/web\/wp-content\/uploads\/2012\/11\/Romanico1.jpg"},{"@type":"BreadcrumbList","@id":"https:\/\/sargantana.info\/web\/programas-escolares\/el-romanico-y-el-camino-de-santiago\/#breadcrumb","itemListElement":[{"@type":"ListItem","position":1,"name":"Portada","item":"https:\/\/sargantana.info\/web\/"},{"@type":"ListItem","position":2,"name":"Programas escolares","item":"https:\/\/sargantana.info\/web\/programas-escolares\/"},{"@type":"ListItem","position":3,"name":"El Rom\u00e1nico y el Camino de Santiago"}]},{"@type":"WebSite","@id":"https:\/\/sargantana.info\/web\/#website","url":"https:\/\/sargantana.info\/web\/","name":"Sargantana","description":"Educaci\u00f3n ambiental y tiempo libre en el Pirineo Aragon\u00e9s","publisher":{"@id":"https:\/\/sargantana.info\/web\/#organization"},"potentialAction":[{"@type":"SearchAction","target":{"@type":"EntryPoint","urlTemplate":"https:\/\/sargantana.info\/web\/?s={search_term_string}"},"query-input":{"@type":"PropertyValueSpecification","valueRequired":true,"valueName":"search_term_string"}}],"inLanguage":"es"},{"@type":"Organization","@id":"https:\/\/sargantana.info\/web\/#organization","name":"Sargantana","url":"https:\/\/sargantana.info\/web\/","logo":{"@type":"ImageObject","inLanguage":"es","@id":"https:\/\/sargantana.info\/web\/#\/schema\/logo\/image\/","url":"https:\/\/sargantana.info\/web\/wp-content\/uploads\/2023\/02\/Sargantana-transparente-e1676147721574.png","contentUrl":"https:\/\/sargantana.info\/web\/wp-content\/uploads\/2023\/02\/Sargantana-transparente-e1676147721574.png","width":365,"height":211,"caption":"Sargantana"},"image":{"@id":"https:\/\/sargantana.info\/web\/#\/schema\/logo\/image\/"},"sameAs":["https:\/\/www.facebook.com\/Sargantana.info","https:\/\/x.com\/Sargantana_","https:\/\/www.instagram.com\/sargantana_canfranc\/"]}]}},"_links":{"self":[{"href":"https:\/\/sargantana.info\/web\/wp-json\/wp\/v2\/pages\/605","targetHints":{"allow":["GET"]}}],"collection":[{"href":"https:\/\/sargantana.info\/web\/wp-json\/wp\/v2\/pages"}],"about":[{"href":"https:\/\/sargantana.info\/web\/wp-json\/wp\/v2\/types\/page"}],"author":[{"embeddable":true,"href":"https:\/\/sargantana.info\/web\/wp-json\/wp\/v2\/users\/1"}],"replies":[{"embeddable":true,"href":"https:\/\/sargantana.info\/web\/wp-json\/wp\/v2\/comments?post=605"}],"version-history":[{"count":20,"href":"https:\/\/sargantana.info\/web\/wp-json\/wp\/v2\/pages\/605\/revisions"}],"predecessor-version":[{"id":78354,"href":"https:\/\/sargantana.info\/web\/wp-json\/wp\/v2\/pages\/605\/revisions\/78354"}],"up":[{"embeddable":true,"href":"https:\/\/sargantana.info\/web\/wp-json\/wp\/v2\/pages\/2171"}],"wp:attachment":[{"href":"https:\/\/sargantana.info\/web\/wp-json\/wp\/v2\/media?parent=605"}],"curies":[{"name":"wp","href":"https:\/\/api.w.org\/{rel}","templated":true}]}}